. Determine f(-21).
-7
Let k(p) = 1333*p + 38655. Calculate k(-29).
-2
Let x(c) = 95363*c - 1144275. Give x(12).
81
Let j(f) = -4*f**3 - 180*f**2 - 1293*f + 237. Calculate j(-36).
129
Let u(p) = -p**2 + 126*p - 804. Determine u(101).
1721
Let w(m) = 10151*m + 10451. Give w(-1).
300
Let g(j) = j**2 + 108*j - 29828. Calculate g(127).
17
Let a(y) = y**3 - 80*y**2 - 63*y - 1518. Give a(81).
-60
Let a(j) = j**3 + 80*j**2 + 1586*j + 56. What is a(-44)?
-32
Let w(n) = 126933*n + 5711992. Give w(-45).
7
Let f(k) = k**3 - 18*k**2 + 13513*k - 243240. Give f(18).
-6
Let n(p) = p**2 - 106*p - 2989. Calculate n(-46).
4003
Let b(h) = 148*h**2 - 5769*h + 174. Determine b(39).
291
Let h(q) = 725254*q - 7252542. Calculate h(10).
-2
Let u(h) = -3250*h - 23800. Determine u(-8).
2200
Let c(x) = 2997*x - 71940. Give c(24).
-12
Let s(g) = -g**3 + 31*g**2 - 705*g + 21854. Give s(31).
-1
Let q(a) = -3*a**3 + 25*a**2 + 198*a - 1610. What is q(8)?
38
Let m(t) = -t**3 + 499*t**2 - 2008*t + 13856. Calculate m(495).
-4
Let s(m) = -10646*m - 435699. What is s(-41)?
787
Let v(o) = 106*o + 6599. Calculate v(-53).
981
Let j(x) = -13*x**3 + 65*x**2 + 17*x - 74. What is j(7)?
-1229
Let t(z) = -2*z**3 - 696*z**2 + 8*z + 2790. Calculate t(-348).
6
Let s(a) = 749*a + 170686. Give s(-228).
-86
Let f(n) = -n**2 - 581*n + 196. What is f(0)?
196
Let a(b) = 1779*b**2 + 8888*b - 30. What is a(-5)?
5
Let p(t) = -t**3 - 53*t**2 - 155*t - 189. Calculate p(-50).
61
Let j(m) = 8*m**2 - 78035*m - 156086. Give j(-2).
16
Let x(h) = 3*h**3 + 208*h**2 + 495*h + 1406. Calculate x(-67).
-336
Let u(a) = a**2 - 390*a + 14194. What is u(41)?
-115
Let x(g) = g**3 + 16*g**2 - 237*g + 115. Give x(9).
7
Let r(a) = 103195*a + 722487. Determine r(-7).
122
Let o(b) = -b**3 + 251*b**2 - 1934*b - 2420. Give o(243).
10
Let y(o) = -o**2 + 41392*o + 2155080. Give y(-52).
-8
Let b(n) = -1155*n - 34554. Give b(-30).
96
Let f(h) = -h**3 - 47*h**2 - 89*h + 301. What is f(-45)?
256
Let x(q) = q**2 + 10555*q + 52786. Determine x(-5).
36
Let i(s) = 10*s**3 - 1259*s**2 - 395*s + 33946. Calculate i(126).
52
Let h(s) = s**3 + 7*s**2 - 1754*s - 12296. Determine h(-7).
-18
Let o(y) = 160*y - 10217. Calculate o(45).
-3017
Let b(f) = -4*f**3 + 19*f**2 - 5*f - 17. What is b(4)?
11
Let f(a) = -496*a - 12455. Determine f(-26).
441
Let g(u) = 11*u**3 + 3*u**2 + 16331*u - 32666. Determine g(2).
96
Let x(g) = g**3 - 35*g**2 - 45*g + 356. Calculate x(36).
32
Let t(l) = 406*l**2 + 30852*l - 308. Determine t(-76).
-4
Let x(b) = -42*b**2 - 215*b + 2943. Calculate x(6).
141
Let o(n) = 61932*n - 3034664. Determine o(49).
4
Let o(v) = v**3 - 47*v**2 - 30*v + 83. What is o(48)?
947
Let p(a) = 2*a**2 + 162*a + 3381. Determine p(-59).
785
Let k(n) = -2852*n + 51361. Calculate k(18).
25
Let l(j) = j**3 + 171*j**2 - 203*j - 5349. Give l(-172).
-17
Let s(j) = 68728*j - 3161490. What is s(46)?
-2
Let i(a) = -a**2 + 239*a - 14056. Give i(129).
134
Let r(h) = 22*h**2 + 2073*h + 14467. Calculate r(-7).
1034
Let t(a) = 1687*a + 183884. Give t(-109).
1
Let x(u) = 26*u**2 + 1998*u + 21389. What is x(-64)?
13
Let u(r) = -2*r**3 - 187*r**2 + 255*r + 32283. Calculate u(-93).
-81
Let i(m) = -m**3 - 115*m**2 - 1830*m + 209. Give i(-19).
323
Let i(g) = -11*g**3 + 64*g + 135. Give i(-2).
95
Let z(o) = o**2 + 12580*o - 1421504. Determine z(112).
0
Let n(y) = 649*y**2 + 3217*y - 1. Give n(-5).
139
Let p(v) = v**2 - 1062*v - 76847. What is p(-68)?
-7
Let l(c) = c**3 - 116*c**2 - 997*c - 52. Calculate l(-8).
-12
Let o(b) = -3*b**2 - 7*b - 147. Give o(-17).
-895
Let i(t) = -452*t - 37786. Determine i(-88).
1990
Let x(n) = -n**3 + 601*n**2 + 81497*n + 9294. Determine x(715).
-1
Let f(n) = -n**3 + 78*n**2 - 1373*n + 131. Calculate f(51).
335
Let h(y) = 38*y**2 - 436*y + 988. Give h(8).
-68
Let l(z) = z**2 - 130*z - 4654. Give l(-28).
-230
Let m(v) = -2732*v + 79236. Determine m(29).
8
Let k(y) = -y**3 + 95*y**2 - 3816*y + 375833. Give k(96).
281
Let g(p) = 112429*p + 449710. Give g(-4).
-6
Let x(u) = 5*u**2 - 127*u + 149. Determine x(24).
-19
Let h(w) = 92*w**2 - 1514*w + 707. Give h(16).
35
Let i(q) = -35485*q - 816318. Give i(-23).
-163
Let u(i) = 3*i**2 - 1126*i - 16960. Give u(-15).
605
Let k(y) = 55*y + 7690. Give k(-14).
6920
Let p(o) = -o**3 - 96*o**2 + 207*o - 171. Determine p(-98).
-1249
Let v(a) = 2*a**3 + 37*a**2 + 72*a + 95. Determine v(-17).
-262
Let j(c) = 253*c - 2823. Determine j(7).
-1052
Let b(c) = -59756*c + 597555. Calculate b(10).
-5
Let j(i) = -3056*i**2 + 3669*i - 2. Calculate j(2).
-4888
Let l(a) = -49077*a - 8932011. Determine l(-182).
3
Let z(q) = -14*q**2 - 12648*q + 63224. Determine z(5).
-366
Let c(z) = -17*z**2 + 34197*z - 88401. Give c(2009).
-5
Let t(j) = 362193*j - 17023076. What is t(47)?
-5
Let x(p) = -p**3 + 31*p**2 + 50*p - 582. What is x(32)?
-6
Let k(z) = -2914*z + 20420. Determine k(7).
22
Let o(k) = 3*k**3 + 19*k**2 + 202*k + 1337. What is o(-6)?
161
Let k(s) = 561*s**2 + 2106*s + 2107. Give k(-1).
562
Let u(p) = p**2 + 26459*p - 1378570. What is u(52)?
2
Let i(v) = -2624*v + 482680. Give i(184).
-136
Let f(u) = 43860*u - 3377247. Give f(77).
-27
Let n(c) = 17*c**2 + 117*c - 296. Give n(-18).
3106
Let q(f) = -8*f**3 + 181*f**2 + 87*f - 559. Calculate q(23).
-145
Let b(r) = 294*r - 87560. What is b(297)?
-242
Let w(y) = 17*y**2 + 6781*y - 418. Give w(-399).
380
Let r(o) = -10*o**2 + 6127*o + 79865. Give r(-13).
-1476
Let u(r) = -356*r**2 - 92192*r + 3072. What is u(-259)?
-36
Let r(c) = -3*c**3 - 37*c**2 - 60*c + 18. Calculate r(-10).
-82
Let l(s) = -3*s**2 - 79*s + 626. Determine l(-37).
-558
Let r(u) = -5*u**3 - 110*u**2 - 84*u - 255. Calculate r(-21).
-696
Let s(z) = z**3 + 11*z**2 + 43*z - 1194. Give s(7).
-11
Let s(x) = x**2 - 66490*x + 465366. Give s(7).
-15
Let f(r) = -30273*r - 181648. What is f(-6)?
-10
Let t(f) = 2*f**3 - 30*f**2 + 22*f - 211. What is t(17)?
1319
Let b(v) = 3885*v + 2498045. What is b(-643)?
-10
Let j(q) = 6*q**3 + 964*q**2 - 2268*q + 2315. What is j(-163)?
33
Let p(r) = -r**3 - 24*r**2 - 55*r - 15. Determine p(0).
-15
Let k(r) = 5*r**3 - 7*r**2 + r - 10. Determine k(-5).
-815
Let t(f) = -2990*f - 349825. Give t(-117).
5
Let c(g) = -19795*g + 118709. Determine c(6).
-61
Let g(b) = -4*b**3 + 36*b**2 + 98*b - 890. Give g(5).
0
Let p(l) = -3*l**2 + 470*l - 18993. What is p(84)?
-681
Let n(b) = 189*b - 24725. Calculate n(137).
1168
Let f(j) = 38*j**3 - 11*j**2 - 66*j - 70. Give f(-2).
-286
Let n(a) = -794*a - 21489. Give n(-27).
-51
Let u(i) = -2504*i**2 + 227852*i + 1089. Give u(91).
-3
Let g(w) = 3*w**3 - 35*w**2 + 96*w + 341. Determine g(-2).
-15
Let k(z) = 706*z + 14336. Give k(-17).
2334
Let z(m) = -38*m**2 + 4373*m - 393. What is z(115)?
-48
Let r(m) = -4454*m - 2667942. What is r(-599)?
4
Let n(j) = 490*j - 9756. What is n(20)?
44
Let r(p) = -p**3 + 64*p**2 - 47*p + 2522. Calculate r(64).
-486
Let k(u) = 18*u**2 + 11077*u + 65816. Calculate k(-6).
2
Let g(x) = 989*x + 270819. Calculate g(-274).
-167
Let d(z) = -3*z**3 - 101*z**2 + 387*z - 99. What is d(-37)?
-728
Let p(m) = -m**2 + 90*m - 1919. What is p(35)?
6
Let f(q) = 549*q**2 + 22545*q + 65. What is f(-41)?
-1411
Let p(v) = 153202*v - 1378803. Give p(9).
15
Let j(u) = -1353*u - 215225. Give j(-159).
-98
Let b(c) = c**3 + 2*c**2 - 15*c - 47. Determine b(-2).
-17
Let a(w) = w**3 - 20*w**2 - 329*w - 328. What is a(-10)?
-38
Let u(y) = 4254*y**2 + 55337*y + 471. Give u(-13).
16
Let b(d) = 4067*d - 3775. Give b(1).
292
Let s(o) = o**3 + 2*o**2 - 121*o + 8. Calculate s(11).
250
Let j(s) = -s**2 - 93*s - 234. Determine j(-78).
936
Let r(u) = u**2 - 11690*u + 140138. What is r(12)?
2
Let g(f) = -919*f + 248119. What is g(270)?
-11
Let d(h) = 4648*h + 88385. What is d(-19)?
73
Let p(k) = 55858*k + 726169. Give p(-13).
15
Let p(q) = q**2 - 657*q + 7694. Determine p(12).
-46
Let u(c) = -c**2 - 8106*c + 309457. Give u(38).
-15
Let f(w) = -3*w**3 + 43*w**2 - 59*w - 26. Calculate f(14).
-656
Let r(z) = -2*z**2 + 1121*z + 313830. Give r(-205).
-25
Let s(o) = -o**2 + 67*o + 1345. Give s(33).
2467
Let a(i) = -i**3 + 57*i**2 + 15*i + 22875. Determine a(63).
6
Let z(h) = 15014*h - 11560787. Give z(770).
-7
Let d(b) = 201*b**2 - 77*b + 204. Give d(3).
1782
Let w(j) = 867*j + 13144. Give w(-18).
-2462
Let b(v) = 2*v**3 - 114*v**2 + 8*v - 286. Give b(57).
170